 5*p**2 - 2*p - 9. Let o be d(-4). Suppose 0 = -5*g + 4*g + o. Is g composite?
False
Suppose 2*d - 5*q - 14 = 11, 2*q = -5*d - 10. Suppose d = -3*y - y + 1004. Is y prime?
True
Is (17942 - 0)*(-259)/(-74) a composite number?
True
Suppose 0 = 2*p - 5*p - 9. Let t be 2214/36*(-4)/p. Let u = 156 - t. Is u prime?
False
Let j(f) = 15*f + 2*f - 31 - 12*f**2 + 0*f + f**3. Is j(13) a prime number?
True
Let y = -21 + 26. Suppose -y*x - 3*d = 463, -3*x - 5*d + 108 = 389. Let t = x + 447. Is t a prime number?
False
Let h(m) = 155*m**3 + 2*m**2 - 3*m + 1. Let g be h(1). Let b = g + 151. Is (b + 1)*(0 + 1) prime?
True
Let v(l) = 15*l**2 - 5*l - 1. Is v(-7) composite?
False
Suppose -6*h = -5861 - 12205. Is h a prime number?
True
Suppose -2*o + 24 = 576. Let h = o + 595. Is h composite?
True
Let r = 331 + 2134. Suppose -2*h + r = 5*s, h = 5*s - 197 - 2268. Is s composite?
True
Is (13091 - (4 + -1)) + 5 prime?
True
Let g be (-24)/(-10) + 42/70. Let h be 3*(g + 24/(-9)). Is (2 - h)/((-7)/(-266)) a prime number?
False
Let z = -4196 + 7903. Is z prime?
False
Suppose 3*w + 5 = 2. Let p be 442 + (0 - w) + -2. Suppose -f + 4*r = f - 290, 3*f = 3*r + p. Is f a composite number?
False
Suppose 0 = 7*a - 14*a + 22197. Suppose l = 4*j - a, 2*j - l - 1384 = 199. Is j a prime number?
False
Let k be 112/36 - (-2)/(-18). Suppose -h + 48 = k*h. Let w = h - -143. Is w a prime number?
False
Suppose -228*i + 232*i - 23172 = 0. Is i a composite number?
True
Let f(h) = -h**3 + 3*h + 1. Let z be f(-2). Is (217 - z) + (-2 - 1) prime?
True
Suppose -6*o = -4*o + 4*w + 20, 5*o + 26 = -4*w. Is (156 - -1) + 4 + o a prime number?
False
Let j(u) = -249*u. Let q be j(-5). Suppose 4*i - z + 2*z + 3229 = 0, -25 = 5*z. Let p = q + i. Is p composite?
False
Let f be (-2218)/(-5) - (-8)/20. Suppose -f = -b + 7*c - 2*c, -4*b + c + 1681 = 0. Is b composite?
False
Let r(u) = 1094*u + 23. Is r(1) a composite number?
False
Let d(h) be the third derivative of -73*h**4/3 - 19*h**3/6 - 40*h**2. Is d(-4) a prime number?
False
Is (15/((-360)/3376))/((-2)/21) a prime number?
False
Let b(j) = -13*j - 10. Let r(k) = k + 1. Let z(o) = b(o) + 5*r(o). Let w be (13/(65/10))/((-2)/5). Is z(w) a prime number?
False
Let a be ((-838)/6)/(7/63). Let h = a - -2914. Is h prime?
True
Suppose 3*f = 4*f - 3*y - 15, -23 = -5*f + 2*y. Let z(j) = 7*j**3 + 3*j**2 + 2*j - 3. Let h be z(f). Let p = -128 + h. Is p prime?
False
Let k be 16/(-5) + -3 - 1/(-5). Let w(t) = -383*t + 19. Is w(k) composite?
True
Let z = -152 + 102. Let j = z + 91. Suppose -6*w - 5*h = -3*w - 103, -3*h + j = w. Is w a prime number?
False
Suppose 18*t - 23*t = -29065. Is t composite?
False
Let d(t) = -4*t - 1 + 5*t - 1. Let v be d(4). Suppose -12 = -4*z, 3*c - v*z - 183 = 2*z. Is c composite?
True
Suppose -5*i - 3*o - 20 = 2*o, -4 = -2*i + o. Let p be (2 + -1)*(-1 + i). Is p + (3 - 0) + 109 composite?
True
Let n = 53 - -2085. Is n a prime number?
False
Let a(b) = b**3 - 3*b**2 + 4*b - 2. Let j be a(2). Let t(c) = 102 + 2*c**3 - 3*c**3 + 4*c + 10*c**j - c - 107. Is t(7) composite?
False
Let q = -15 - -18. Let i be (9 + q)/(0 + 2). Is (-5562)/(-22) - i/(-33) a prime number?
False
Suppose -f + 23 = -5*l, -2*l - 2*f = 3*f + 20. Let x(y) = -646*y + 5. Is x(l) composite?
True
Let g = 1586 - 109. Is g prime?
False
Let d be 10279 + 6 + -4 - (3 - 2). Suppose -d = -6*a - 350. Is a prime?
False
Let o = -788 + 2313. Let a = 50 + -45. Suppose o = a*k - 60. Is k a composite number?
False
Let o(y) = y. Let i(v) = 3*v - 2. Let u(n) = -i(n) - 2*o(n). Let r = -26 - -17. Is u(r) prime?
True
Suppose 3*b - 5*o + 4*o = 59996, 15 = -3*o. Is b a composite number?
False
Let j = 138 + 198. Let m = -134 + j. Is m a prime number?
False
Suppose -805733 - 70933 = -42*z. Is z prime?
True
Let m(z) = 23*z**2 + 10*z - 14. Suppose 2*i - 8 = -4*a, a = -6*i + 4*i - 1. Is m(a) a prime number?
True
Let j = -22 - -20. Let g(y) = -98*y - 2. Is g(j) prime?
False
Let v = -373 - -5914. Is v composite?
True
Suppose 24 + 306 = 10*o. Is o a prime number?
False
Suppose 0 = 135*i - 141*i + 23190. Is i a composite number?
True
Let i(n) be the second derivative of -146*n**3/3 - 15*n**2/2 - 31*n. Is i(-7) a composite number?
False
Let y(t) = -t**3 - 9*t**2 - 30*t - 17. Is y(-13) prime?
True
Let m be (-16996)/(-49)*(-21)/(-6). Let w = -727 + m. Is w a composite number?
False
Let i(l) = l**3 - 9*l**2 - 6*l + 23. Let a be i(10). Suppose 0 = 2*y + y - 54. Is 18571/a + 4/y prime?
False
Suppose -5*l + 51 = -2*l. Let w = l - 29. Is (-9)/(-2)*w/(-9) a prime number?
False
Let n(j) = 43*j - 47. Let h be n(17). Is 3 + h + ((-12)/3)/2 prime?
False
Let a be (-749)/35 - 4/(-10). Is (6/a)/(2/(-2282)) prime?
False
Is 4 + 0/(-7 + 2) - -2575 prime?
True
Suppose -33*k - 24 = -34*k. Is 1/4 - (-1 + (-4842)/k) composite?
True
Suppose -o + w + 90 + 412 = 0, 4*w = -5*o + 2510. Is o prime?
False
Suppose -24*d = -37*d + 53079. Is d composite?
True
Suppose 3*j + 0*j - 14265 = 4*i, 5*j = -5*i + 23740. Is j composite?
False
Let v be 2/9 + 68/18. Let l = 324 + -318. Is ((-573)/l)/((-2)/v) composite?
False
Let n = 11980 - -2391. Is n prime?
False
Let l(o) = o**2 + 2*o + 3. Let b be l(-2). Suppose -b*z + 27 = -4*s, -11 = -3*z - 4*s + 16. Suppose p = -5*j + 195, 4*p + z + 69 = 2*j. Is j prime?
False
Let y(n) = -5*n + 20 + 16 - 4 + 4*n. Is y(-6) composite?
True
Suppose 15*j = 21*j - 14052. Let h = j - 1349. Is h composite?
True
Suppose -2*c - 49 = -59. Suppose -a - 412 = -c*a. Is a a prime number?
True
Let r be ((-6)/4)/(54/(-8) - -6). Suppose q = -4*v + 1845, -5*v = -r*q + 5763 - 2099. Is q composite?
True
Suppose -173 + 821 = 2*y + m, 5*y + 4*m - 1614 = 0. Suppose -4*d - y = 262. Let j = -98 - d. Is j prime?
False
Suppose 8*a - 12*a - 812 = 0. Let p = 8 - a. Is p prime?
True
Let x = -3302 + 23143. Is x a composite number?
False
Let b(j) = -5*j**2 - 34*j + 4. Let t be b(-7). Let s(g) = -2080*g + 7. Is s(t) composite?
False
Let q be ((-3)/9)/((-1)/15). Suppose 3*t = 15, 4*t + 32 = q*v - 3873. Is v a prime number?
False
Suppose -2*p = d - 37285, -3*d + 135281 - 23456 = -4*p. Is d a composite number?
True
Suppose -20*g + 3721 = -31059. Is g prime?
False
Suppose -9*v = -4*v. Suppose -5*x + 3*u = -5094, 6*u + 6 = 4*u. Suppose -3*f = -v*f - x. Is f a prime number?
False
Suppose -4*x - 89 = 4*f + 367, -3*x - 352 = f. Let l = x + 328. Is l composite?
True
Let w(j) = -8271*j - 553. Is w(-4) prime?
True
Let i(m) = 26*m**2 + 21*m + 28. Let j be i(-19). Let z = -444 + j. Is z a composite number?
True
Let f(s) = -s**3 - 9*s + 2*s**2 - 8 - 4*s**2 + 0. Let v be f(-6). Suppose -2*w + 1188 - v = 0. Is w a composite number?
False
Let z be (-12)/12 + (2 - -1). Let k(s) = 2 + 48*s + 1 - z. Is k(3) a prime number?
False
Suppose -14*d = -15*d + 3. Suppose -2*n = -d*r + 7001, 3*n - 2825 = 3*r - 9824. Is r a prime number?
False
Let u(r) = r**3 + 11*r**2 + 11*r + 12. Let p be u(-10). Is p*(-2)/((-8)/254) composite?
False
Suppose 2*r + 32 = 3*h + 6, 2*h - 3*r - 19 = 0. Suppose -2*q - 2*q + h = 2*k, 3*k = -2*q. Is k/3 - 18885/(-45) prime?
True
Let l be 5 + 0/4 + -3. Suppose h = 3*h + 5*v - 155, 0 = 2*h - l*v - 162. Suppose -228 = -4*w - h. Is w a prime number?
True
Suppose h = -2*m + 3*m - 69, m - 4*h - 66 = 0. Let i = 89 - 138. Let k = m + i. Is k prime?
False
Suppose 4*f = 5*g + 9, -f - 1 - 3 = 5*g. Is 12455/20 - 1*g/4 composite?
True
Let h(p) = -291*p**3 - 3*p**2 - p + 3. Is h(-2) prime?
False
Let j be (-49)/(-21) + (-2)/(-3). Suppose d - 56 = j*d. Let n = -7 - d. Is n a composite number?
True
Let d(u) = -385*u. Let o(x) = -22*x. Let l(g) = -5*d(g) + 88*o(g). Let f be l(-5). Let j = 500 - f. Is j composite?
True
Let d = 864 + -491. Is d a composite number?
False
Suppose 10*w = 2*w - 72. Is 1626/(-9)*w/6 a composite number?
False
Suppose -36*n + 2713 + 671 = 0. Is n a prime number?
False
Suppose 49*c = -23*c + 7300008. Is c a prime number?
False
Let l = -5675 - -22030. Is l a composite number?
True
Let a be (-9)/2*(-10)/15*1. Is a/(-4 + -5) - (-1988)/6 composite?
False
Suppose 39058 = 5*g - g - 2*x, 0 = -3*g - 5*x + 29326. Is g a composite number?
False
Suppose o = 4, 2*o + 3 = -4*j - 9. Is (-2422)/8*(-9 - j) prime?
False
Let c be 0*(27/(-6) - -4). Suppose -4*t - 9 + 21 = c. Suppose 5 = -5*q, -2*v = -t*v - 3*q + 110. Is v composite?
False
Suppose k - 6*k = 